et x be h(8). Let p(r) = r**2 - 7 + 5*r + 2 - 3*r**x + 3*r**2. Let o = 7 + -12. Calculate p(o).
-5
Let q(m) = m**3 + m. Let k(b) = -3*b**2 + 7*b + 4. Let z be k(8). Let n be (-4)/22 - 24/z. What is q(n)?
0
Let p(g) = g**3 + 7*g**2 - 8*g + 1. Let s be p(-8). Let d(i) = -5*i + 0*i + 3 - 2*i - s. What is d(2)?
-12
Let o(m) = m**2 + 4*m + 3. Let q(g) = -g**3 + 6*g**2 + 3*g - 8. Let f be q(6). Suppose -s = f - 5. Let x = 2 + s. Give o(x).
0
Let j(c) = -3*c**2 - 5*c**3 - 3*c**2 - 7*c + 4*c**3 - 7. Let i be (2/5)/(5/(-50)). Let n = i + -1. Determine j(n).
3
Suppose 2*o - 21 = -0*o + 3*z, -o + 4*z + 23 = 0. Let i(q) = q + 1. Let l(t) = t**2 - 5*t + 3. Let s(r) = 2*i(r) - l(r). Give s(o).
11
Let m(f) = -f**3 + f. Let p be ((-90)/(-40))/(2/(-8)). Let u = p + 7. Determine m(u).
6
Let a be (-14)/(-1 - 1) + -3. Let i(l) = 3*l - 2. Give i(a).
10
Let p(d) = 4*d**2 + 1 - 2 - 2*d + d**2. Suppose 0 = 2*g + 3*g. Let i = -1 + g. What is p(i)?
6
Let b = -12 - -12. Suppose -m = -2*m + 4. Let q(i) = i**2 - i - m + 0 + 0*i. Determine q(b).
-4
Suppose 5*t - 7*z + 50 = -2*z, 5*t - 2*z + 35 = 0. Let q(o) = -3*o. Determine q(t).
15
Let s(n) = n**2 - 6*n - 8. Let q(h) = -4*h**2 + 25*h + 32. Let p(f) = 2*q(f) + 9*s(f). What is p(7)?
13
Let t(b) = 5*b**2 - b + 1. Let f(r) = -2*r**2 - r. Let a be f(-2). Let i be (0 + 3/a)*-2. Calculate t(i).
5
Let d(g) be the second derivative of g**6/720 + g**5/20 - g**4/6 + 4*g. Let x(t) be the third derivative of d(t). What is x(-6)?
0
Let i(a) be the second derivative of 0*a**2 + 1/8*a**4 + 0 - 1/30*a**5 - 1/360*a**6 + 1/3*a**3 + a. Let r(d) be the second derivative of i(d). What is r(-4)?
3
Suppose -7*p + 6*p + 4 = 0. Let k(i) = -2*i - 3. Give k(p).
-11
Let a = -8 + 2. Let d(i) = i + 27. Let p(k) = -k - 24. Let u(x) = -6*d(x) - 7*p(x). Determine u(a).
0
Let n = 2 - -1. Suppose 5*k + 4 - 13 = -n*b, 2*k = -2*b + 6. Let w(v) = 0*v - 3*v + 2*v + b. Calculate w(0).
3
Let q be ((-2)/(-3))/(2/12). Let a(i) = i + q*i - 2 - i - 4 + i**2. Determine a(-5).
-1
Let x(i) = -3 + i + 1 + 0*i + 3*i**2. Let g be -2 + 3 - (-1 + 4). Give x(g).
8
Let n(f) = 4*f - 1 - 5*f + 0 + 5*f**2. Let m be ((6 + -9)/(-3))/(-1*1). What is n(m)?
5
Let y(f) = 2*f + 3. Let v(n) be the first derivative of -n**2/2 - 3*n - 7. Let b be (4/10)/((-2)/(-10)). Let z(u) = b*y(u) + 3*v(u). Calculate z(5).
2
Let t(j) = -2*j + 1. Suppose 0 = 3*s - 8*s. Suppose s*k = 5*k + 3*m + 25, 3*k = 3*m + 9. Let d(x) = x - 2. Let v(w) = k*d(w) - 3*t(w). Calculate v(-2).
-7
Let b(p) = -7*p**3 + p**2 - 1. Let f = 31 + -30. Calculate b(f).
-7
Let g(i) = i**2 + i + 1. Let v(l) be the third derivative of -5*l**4/24 - l**3 - l**2. Let p(f) = -g(f) - v(f). Let q = -74 - -78. Give p(q).
5
Let t(n) = -n - 1. Let c(a) = -a. Let x(q) = -3*c(q) + 4*t(q). Let u(z) = -2*z - 7. Let f(i) = 6*u(i) - 11*x(i). What is f(-3)?
5
Let q(u) be the third derivative of -u**7/2520 - u**6/120 - u**5/40 - u**4/8 - 4*u**2. Let b(v) be the second derivative of q(v). Determine b(-4).
5
Let n = 7 + -5. Suppose -g = -n*g. Let v(j) = j**3 + j**2 - j - 2. Let l(u) = -u**3 - u**2 + u + 3. Let w(k) = -6*l(k) - 5*v(k). Give w(g).
-8
Let t(s) = -s + 9 + 2*s + 12 - 29. Calculate t(4).
-4
Let m(k) = -k - 12. Let l be m(-9). Let p(r) be the first derivative of -1/3*r**3 - r**2 - r - 1. What is p(l)?
-4
Let w(o) be the third derivative of o**6/60 - o**4/6 - o**3/2 + 32*o**2. Calculate w(-2).
-11
Let o(n) = -2*n**2 - 4*n - 1. Let j = -3 + -1. Determine o(j).
-17
Let u(q) = 6*q**3 - 24*q**2 - 16*q - 19. Let o(a) = -a**3 + 5*a**2 + 3*a + 4. Let l(b) = 11*o(b) + 2*u(b). What is l(-7)?
-1
Let d be ((-12)/(-9))/(4/6). Suppose 0 = -5*m + d*m - 12. Let s(u) = u. Let k be s(m). Let r(o) = -o**2 - 6*o - 4. Give r(k).
4
Suppose 5*r + 9 + 6 = 3*k, -15 = k + 5*r. Let j(m) = 0*m + 3*m**3 + k*m. What is j(-1)?
-3
Let g(y) = 4*y**2 - y. Let f(k) = k**3 + 2*k - 2. Let n be f(1). Determine g(n).
3
Let w(d) = -7*d - d**3 + 27*d**2 - 3 + 2 - 20*d**2 + 6. What is w(6)?
-1
Let k = 9 - 15. Let w(f) = 39 - 84 - f + 38. Give w(k).
-1
Suppose 4*l - 2*l - 2*v = -16, -5*l - v = 58. Let u(r) = -r**2 - 10*r + 10. What is u(l)?
-1
Let g(t) = 13*t**2 + 3*t - 1. Let y be g(-2). Let w be 4/10 + (-243)/y. Let h(k) = -2*k - 4. Determine h(w).
6
Suppose -2 = 5*t + 3*j, -5*t + 0*j + 22 = -3*j. Let k(n) = -2*n**t - 3 + 2 - 6*n - 4 + 3. Let w = -5 - -1. Calculate k(w).
-10
Let o be 30/(-4)*(-4)/6. Suppose k = u - 2*k - 11, o*u - 4*k = 22. Let q(l) = l - 7. Let m(f) = 2*f - 6. Let a(d) = -4*m(d) + 3*q(d). Calculate a(u).
-7
Let z(l) = l + 14. Let o = -41 - -75. Suppose 4*h - 3*h = -5*d + 14, o = -3*h + 4*d. Calculate z(h).
8
Let a(t) = 2*t**2 + 4*t. Let o(q) = -2*q**2 - 2*q + 1. Let i be o(-2). What is a(i)?
6
Let w(d) = d**2 - 4*d + 4. Let h = 3 - -5. Suppose -p + h = -0. Let k(s) = -s**2 + 9*s - 4. Let q be k(p). Calculate w(q).
4
Let k(g) = g + 2. Let o be -25 + 27 - (1/1 + 3). Calculate k(o).
0
Suppose -5*n - 7 = t, -t = -5*n + 7 - 30. Let u = t + -13. Let f(y) = -y - 4 + 1 + 2. What is f(u)?
4
Suppose 4 = t - 4. Let s = -4 + 9. Let o(l) = t + s*l + l - 5*l. Give o(0).
8
Let z(j) = -3*j + 14. Let v(g) = -g + 5. Let f(l) = 11*v(l) - 4*z(l). Determine f(-2).
-3
Let h(n) = 0*n + 3 + 2*n - 5*n + n**2 - 3*n. Suppose -1 = -4*w - 3*f - 4, 20 = -4*f. Give h(w).
-6
Let x(z) = z. Suppose 12 - 30 = -9*y. Calculate x(y).
2
Let w(h) = -h. Let r(v) = 4. Let a(o) = -o**3 + 8*o**2 - 8*o + 5. Let b be a(7). Let y(q) = b*w(q) + r(q). Calculate y(-4).
-4
Let n = -7 - -12. Suppose 15 = n*l + y, -3*y + 14 - 3 = -2*l. Let v(j) be the third derivative of j**6/120 + j**5/60 - j**3/3 + j**2. Calculate v(l).
10
Suppose -19 = -3*r + 2*f, f - 4*f - 9 = 2*r. Suppose -w = 2*w - r*v + 6, 0 = v - 3. Suppose w = -3*i + 10. Let c(d) = -d**3 + d**2 + 4*d + 1. Determine c(i).
-5
Let d(p) = 8 + 8*p**2 - 18*p**2 + p + 2*p**2 - p**3. Calculate d(-8).
0
Suppose -4*r - a = 24, -4*r = -6*a + 2*a + 44. Let k(l) = l**2 + 7*l - 5. What is k(r)?
-5
Let u(f) = 3*f - 3 - 4*f**2 + 5*f**2 + 0*f**2. Calculate u(-3).
-3
Let p = 2 + -3. Let x(h) be the second derivative of -h**4/2 + h**3/6 + h**2/2 - 10*h. Calculate x(p).
-6
Let r(h) = -h**2 - 3*h + 3. Let j(p) = -p. Let y be j(3). Let x be r(y). Let u(g) = -g - 1. Let l(z) = 5*z + 4. Let o(d) = l(d) + 4*u(d). Determine o(x).
3
Let j(n) = -n**3 - 9*n**2 - 9*n - 12. Let a be (6/4)/(-1*12/64). What is j(a)?
-4
Suppose -5 + 3 = -q. Let g(k) = -q*k**2 + 6*k - 3 + 3*k**2 - 8*k - 1. Calculate g(4).
4
Let a = -110 - -108. Let w(n) = -3*n**3 + 3*n**2 + n - 3. Let o(i) = -2*i**3 + 2*i**2 + i - 2. Let q(b) = 5*o(b) - 3*w(b). Give q(a).
7
Suppose -3*x - 2 = -11. Let l(k) = 5 - 4*k - 2 + 0. What is l(x)?
-9
Suppose -6*g + 12 = -3*g. Let r be (-11)/(-2) - g/(-8). Let w(k) = -k**2 + 6*k + 1. Give w(r).
1
Let w(l) be the second derivative of -l**6/120 + l**5/20 + l**4/6 - l**3/6 + l**2/2 - l. Let f(g) be the first derivative of w(g). Determine f(4).
-1
Suppose 0*p - 8 = 3*x + p, -3*x - 4*p - 23 = 0. Let w(s) = -10*s**3. Give w(x).
10
Let d(o) = -2*o + 2. Suppose 5*z = -2*y - 35, 1 = -3*z + 2*y - 36. Let g(u) = 5*u + 0*u + 3*u - 5 - u**3 - 8*u**2. Let c be g(z). Determine d(c).
-6
Suppose -3*k + 16 = -4*x, 2*k - 5*x - 20 = -7. Let u(w) be the first derivative of w**4/4 - 4*w**3/3 + w**2/2 - 3*w - 4. What is u(k)?
1
Let m(w) = 3*w**2 - 1 - 7*w**2 + 0 + w**3. Calculate m(4).
-1
Let d(l) = -l**2 + 3*l + 4. Let o be (-1*(-4)/(-8))/(4/(-32)). Calculate d(o).
0
Let h(g) = -10*g. Let c = -18 - -32. Suppose -6 = -3*j, -4*r + c = -j + 2*j. Suppose -2*s - 5*k = -r, -2*s = -3*s - 2*k + 1. Determine h(s).
10
Let k(g) = g**3 + g**2 - g + 9. Let j = -15 - -15. Give k(j).
9
Let i(k) = k**3 + 4*k**2 + 5*k + 3. Let h(f) = f**3 + 2*f**2 - 7*f + 1. Let j be h(-4). What is i(j)?
-3
Let n(u) be the second derivative of -3*u**4/4 + u**3/6 - u**2/2 + u. Let g be (1/(-2))/((-8)/(-16)). Let x be (4 + -3)*g*-1. What is n(x)?
-9
Let z = 3/8 + 9/8. Let y(w) be the first derivative of 3 - 3*w - z*w**2 - w**3. Give y(-2).
-9
Let d(f) = -3*f + 4. Let i(j) = -3*j + 3. Let w(y) = -4*d(y) + 5*i(y). What is w(-3)?
8
Let z(s) be the first derivative of s**4/4 + s**3/3 - s**2 - s + 10. What is z(-2)?
-1
Let s(b) = -b + 7. Let d be (5/(30/(-21)))/(2/(-4)). Give s(d).
0
Suppose 2*g = -s + 2*s + 2, -g - 4*s - 17 = 0. Let j(n) = 